 61. What is the tens digit of w(t)?
6
Let z(n) = -2*n**2 + 40*n + 16. Let t(r) = r**2 - 20*r - 8. Let j(w) = 7*t(w) + 4*z(w). What is the tens digit of j(9)?
0
Let a be -3 - (4 + (-1 + 3 - 9)). Suppose 2*i = i + 4*n + 124, -n = i - 139. Suppose -4*g + 4*m + i = -0*g, -5*m = a. What is the units digit of g?
4
What is the thousands digit of (-9 - 24/(-4)) + 2083*1?
2
Let m = -19 - -23. Suppose 4*g - g = -2*u + 10, -m*u + 20 = -4*g. What is the units digit of u?
5
Let i(j) = -j**2 + j + 6. Let a be i(0). What is the tens digit of 328/20*(a - 1)?
8
Suppose 3*k - 5*s = 29, -2*k - 4*s + 2*s = -30. Let l = k + -10. What is the units digit of (-77)/22*-2*l?
1
Suppose 5*x = 5*o - 35, 0*o - 5*o - 2*x = -42. Suppose o*c = 190 + 42. Suppose 309 = 5*y + c. What is the units digit of y?
6
Let a = -2 - -9. What is the tens digit of 71/a + 5/(-35)?
1
Suppose 0 = -2*n - 2, -4*k + 3 = 5*n - 0. Let u(o) = o**3 + 0 + 8*o - 3*o + 3 - 2*o**k - 1. What is the tens digit of u(3)?
2
Let h(s) be the first derivative of -s**4/4 - 8*s**3/3 + 13*s**2/2 - 5*s - 20. What is the tens digit of h(-10)?
6
Let z(j) = -2*j**2 - 3*j. Let q be z(-3). Let o(t) = t**3 + 10*t**2 - 13*t + 1. What is the hundreds digit of o(q)?
1
Let k(d) = -d**3 - 4*d**2 + 3*d - 7. Let t be k(-5). Let a be 0*(2 - t/2). Suppose 0 = 5*l - 5*n - 60, a = -5*l - 4*n - n + 60. What is the tens digit of l?
1
Let k(w) be the third derivative of -w**6/360 + w**5/40 - w**4/24 + w**3/6 - 2*w**2. Let p(m) be the first derivative of k(m). What is the units digit of p(2)?
1
Let z = 1 - -6. Suppose -z*c - 16 = -2. What is the units digit of (24/18)/(c/(-108))?
2
Suppose 4*b - 56 = -2*q, 7*q - 2*q - 20 = -2*b. Suppose 10*j - b*j = -1520. What is the hundreds digit of j?
3
Let p(m) = 49*m**2 - m. Let z be p(-2). Suppose 12*a - 10*a = z. What is the tens digit of a?
9
Let j = -8 + 11. Suppose i = -j*i - 8. What is the units digit of (1/i)/((-9)/342)?
9
Let j be -6*10*44/(-8). Suppose 5*t - 50 = j. What is the units digit of t?
6
Let m(o) = 3*o**3 - 5*o**2 + 7*o - 12. What is the tens digit of m(4)?
2
Suppose -27*g + 22*g = -480. What is the tens digit of g/3*15/10?
4
Suppose 0 = 2*f + 8*f - 8020. What is the units digit of f?
2
Let i(g) = 32*g - 14. Let q be i(7). Suppose 10 = 2*u, -w - u + q = -5*u. What is the units digit of w?
0
Let h(w) = -2*w**3 - 26*w**2 - 16*w - 67. What is the tens digit of h(-14)?
4
Suppose 2*s - 312 = -5*q, -3*s - 3*q + 104 = -346. Let j = -111 + s. What is the tens digit of j?
3
Let f(n) = n + 12. Let m be f(-6). Let l be (-3)/m*2 + 5. Suppose -124 = -0*t - l*t. What is the units digit of t?
1
Suppose -3 + 18 = 3*i. Suppose -5*b + i = x, 0*b - 3*b + 87 = -5*x. Let h = x - -35. What is the units digit of h?
0
Suppose -4*n - 4*i = -600, -2*n - 3*i = -5*i - 288. Let q = -43 + n. What is the tens digit of q?
0
Suppose -2*g + i + 831 = 0, -5*g + 0*i = 3*i - 2083. Suppose 3*n = -n + g. What is the units digit of n?
4
Let o(d) = 25*d - 8. Let v be o(-4). Let f = -96 - v. What is the tens digit of f?
1
Suppose 0*o + 4*o - 4905 = 5*t, -2*t - 2452 = -2*o. What is the units digit of o?
5
Let f be 8/20 - (-3316)/10. What is the units digit of f/14 - (-8)/28?
4
Let k(y) = -2*y**2 + 4. Let x be k(-6). Let w = 115 + x. What is the units digit of w?
7
Suppose 14*f - 5232 - 2160 = 0. What is the units digit of f?
8
Suppose 0 = -4*z - 3*p + 400, -z + 37 + 48 = -3*p. What is the units digit of z?
7
Suppose 0 = -2*t - 2 - 58. Let k be ((-1)/(-3))/((-2)/t). Suppose -k*c + 48 = -57. What is the tens digit of c?
2
Suppose -119 = -2*u + 5*c, -3*c + 0*c = -5*u + 345. Let s be u/16*24/9. What is the units digit of (6/s)/((-2)/(-144))?
6
Let w be (-19 - -7)*2/(-6). Suppose -w = -o - 3. What is the units digit of o?
1
Let v(s) be the third derivative of -s**6/60 - s**5/3 + s**4/2 - s**3 - 9*s**2. Let a be v(-15). What is the tens digit of (-4)/14 + a/168?
1
Let a be 77/2 + 8/(-16). Let m = 31 + a. What is the units digit of m?
9
Suppose 0 = -46*s + 5606 + 1156. What is the hundreds digit of s?
1
Let t be (-7)/2 + 7/14. Let h = t - -2. What is the units digit of (h/((-4)/(-120)))/(-1)?
0
Suppose 0 = 5*t + 12 + 8. Let n(z) = -5*z - 6. Let f be n(t). Let j = f - 7. What is the units digit of j?
7
Let b be (-7)/(-14) + 561/6. Let q(n) = -n**3 + 7*n**2 - 9*n + 9. Let k be q(7). Let h = b + k. What is the units digit of h?
0
Suppose -2*u - 7*r + 4 = -2*r, 0 = -4*u - 4*r + 8. Suppose 4*z = u*z. Suppose a = -z*a + 6. What is the units digit of a?
6
Let y = 19 + -15. Let k(d) = 3 + 3 - 4 - y + 6*d. What is the tens digit of k(5)?
2
Let n = -10 + 10. Suppose -3*y + 14 + 4 = n. What is the units digit of (175/21)/(1/y)?
0
Suppose v + 6 = -a, -5*v - 3*a - 32 - 6 = 0. What is the units digit of (v/2)/(15/(-30))?
0
What is the tens digit of 2743 - (-10)/(8 + 2)?
4
Let r(h) = 5*h**3 + 12*h**2 + 11*h + 2. Let z(y) = 9*y**3 + 23*y**2 + 22*y + 5. Let b(g) = 7*r(g) - 4*z(g). What is the tens digit of b(-7)?
2
Suppose -3*r + 2*r = -5. Suppose -3*l - 5*n = -242, -n - 228 = -r*l + 194. What is the units digit of l?
4
Let a(m) = -3*m. Let n be a(-1). Suppose -49 = -n*b + 38. Suppose f - 3*u + 4*u = b, f - 3*u = 29. What is the tens digit of f?
2
Let s = 25 + -22. Suppose 2 - 8 = -s*p. Suppose 0 = p*w + 2 - 26. What is the units digit of w?
2
Let a be (-2)/5 + (-264)/40. What is the tens digit of a/((-28)/(-24))*(-86)/4?
2
Let f = -140 - -233. Suppose 95*y = f*y + 22. What is the units digit of y?
1
Let y(h) = h**2 - 4*h + 3. Let a be y(4). Suppose 13 = 5*l - a*u - 1, 6 = l + u. What is the units digit of l?
4
Let n be (2/(-4))/((-2)/24). Let y be (-4)/(-12) - (-34)/n. Suppose -y*k + 76 = -2*k. What is the tens digit of k?
1
Suppose 119*h - 26864 = 96*h. What is the tens digit of h?
6
What is the units digit of (-6150)/(-54) + 2 + 1/9?
6
Let l(n) = 350*n - 232. What is the hundreds digit of l(6)?
8
Suppose 8*v - 42 = 2*v. What is the tens digit of 1 + (-6)/v + (-2232)/(-56)?
4
Let h = 50 - 46. Suppose -h*z + 5*p = -701, 3*p + 171 = z + 6*p. What is the hundreds digit of z?
1
Let l = -2794 - -5069. What is the tens digit of l?
7
Let v = -23 + 33. Suppose v*w - 6*w = 16. What is the units digit of (-42)/w*(-13 + 11)?
1
Suppose -z = 3*u - 2125, -24*z - 4*u = -28*z + 8468. What is the hundreds digit of z?
1
Let h be 1/3*3 - 2. What is the tens digit of 1/h + -3 - -84?
8
Suppose 2*u = 4*k - 9*k - 15, -2*u + 5 = k. Suppose -u*o = -10*o + 10. What is the units digit of (-1)/(122/(-60) + o)?
0
Let v be (-20)/6*(0 - -3). Let h = 15 + v. Suppose 0 = -4*n + a - 6 + 35, -3*n + h*a + 9 = 0. What is the units digit of n?
8
Let h be ((-12)/(-15))/(3/15). Suppose l + 99 = v, 400 = h*v - 0*l - 5*l. What is the units digit of v?
5
Let f be -24*124/16*-1. Let x = -7 + 21. What is the units digit of f/x + (-4)/14?
3
Let o be (-1 - (-5 + 4))/1. Suppose 5*s - 3*s = o. Suppose 3*t - 28 + 7 = s. What is the units digit of t?
7
Let b be 2/(-2) - -10 - 0. Let n = b + -4. Suppose -h = -64 - n. What is the tens digit of h?
6
Suppose -98 + 571 = b. What is the hundreds digit of b?
4
Let u be ((-40)/6)/(-1) + (-62)/93. Let n(c) = 18*c - 29. What is the units digit of n(u)?
9
Suppose b + 5*r = 199, -10*r = b - 7*r - 191. Suppose 3*a + 5*z = b + 98, 5*a - 3*z = 439. What is the units digit of a?
9
Let c be 16/(-20)*5/2. Let y be (-3)/(c/(-1) + -1). Let t(j) = j**2 + 4. What is the units digit of t(y)?
3
What is the units digit of (-6)/30 + (-7)/(140/(-15584))?
9
Let o be 5/2 - 3*(-1)/(-6). What is the tens digit of -38*(-1)/2*o?
3
Suppose 2*g = 3*g - 2*l - 20, -3*g - l + 39 = 0. Suppose -26 = -5*j + g. What is the units digit of (12*j)/((-15)/(-10))?
4
Let q(o) be the third derivative of -o**6/120 - 3*o**5/20 + 11*o**4/8 + 4*o**3 + 8*o**2 + 2*o. What is the units digit of q(-12)?
0
Let a be ((-4)/2)/(2/(-340)). Suppose 0 = -8*g + a - 20. What is the tens digit of g?
4
Suppose -178 = -5*r + 4*x, -5*r - x = -6*r + 36. What is the tens digit of r?
3
Let h = -162 + 553. What is the units digit of h?
1
Suppose 2 - 3 = 4*z + 5*n, -z + 16 = -2*n. Suppose 453 = z*o - 99. What is the units digit of o?
2
Let h(c) = 5*c**2 + 65*c + 440. What is the thousands digit of h(-35)?
4
Suppose 0 = 14*u - 17*u + 5097. What is the units digit of u?
9
Suppose -5*z + 4 = -1. Let k(l) = -l**3.